{"id":674,"date":"2022-08-22T15:58:11","date_gmt":"2022-08-22T18:58:11","guid":{"rendered":"https:\/\/gustavogoni.com\/arte\/?page_id=674"},"modified":"2026-01-03T23:53:27","modified_gmt":"2026-01-04T02:53:27","slug":"participaciones","status":"publish","type":"page","link":"https:\/\/gustavogoni.com\/arte\/bio\/participaciones\/","title":{"rendered":"Participaci\u00f3n en equipos de trabajo"},"content":{"rendered":"\n<div id=\"wp-block-themeisle-blocks-advanced-columns-4dafc006\" class=\"wp-block-themeisle-blocks-advanced-columns has-0-columns has-desktop-undefined-layout has-tablet-equal-layout has-mobile-equal-layout has-vertical-unset\"><div class=\"wp-block-themeisle-blocks-advanced-columns-overlay\"><\/div><div class=\"innerblocks-wrap\"><\/div><\/div>\n\n\n\n<p class=\"has-medium-font-size\">Miembro fundador del Grupo de Cine Independiente Champignon, Rosario, 1989.<\/p>\n\n\n\n<p class=\"has-medium-font-size\">Miembro fundador del Grupo Rozarte. Participaci\u00f3n en sus actividades art\u00edsticas desde 1989 hasta 1991. 2018 a la actualidad.<\/p>\n\n\n\n<p class=\"has-medium-font-size\">Miembro del Grupo de Producci\u00f3n y An\u00e1lisis de Obra dirigido por Gabriel Gonz\u00e1lez Su\u00e1rez, docente de dibujo, Escuela de Bellas Artes. UNR. 1991-1993.<\/p>\n\n\n\n<p class=\"has-medium-font-size\">Miembro de Buena Junta, equipo especializado en imagen, producciones fotogr\u00e1ficas y video. 2009-2013.<\/p>\n\n\n\n<p class=\"has-medium-font-size\">Co-creador del espacio de Dise\u00f1adores Emergentes en el Centro de Expresiones Contempor\u00e1neas. Rosario. 2012 a la actualidad.<\/p>\n\n\n\n<p class=\"has-medium-font-size\">Co-organizador del ciclo de desfiles de indumentaria para peque\u00f1os productores y dise\u00f1adores emergentes \u201cEnVestida de dise\u00f1o\u201d. Se realiza una vez al a\u00f1o. Centro de Expresiones Contempor\u00e1neas (CEC). Rosario. 2012 a la actualidad.<\/p>\n\n\n\n<p class=\"has-medium-font-size\">Integra el grupo de pintores junto al maestro Emilio Torti 2013.<\/p>\n\n\n\n<p class=\"has-medium-font-size\">Colabora con Marina Gryciuk y con Roly Lo Giudice, especialmente con el registro fotogr\u00e1fico de la obra \u00abHabitar lo blando\u00bb (2023 en adelante). <\/p>\n\n\n\n<p><\/p>\n\n\n\n<p><a href=\"https:\/\/gustavogoni.com\/arte\/bio\/\" data-type=\"page\" data-id=\"139\">Volver a Bio<\/a><\/p>\n\n\n\n<hr class=\"wp-block-separator has-alpha-channel-opacity\"\/>\n\n\n\n<p class=\"has-medium-font-size\"><strong>GRUPO ROZARTE<\/strong><\/p>\n\n\n\n<figure class=\"wp-block-gallery has-nested-images columns-default is-cropped wp-block-gallery-1 is-layout-flex wp-block-gallery-is-layout-flex\">\n<figure class=\"wp-block-image size-large\"><a href=\"https:\/\/gustavogoni.com\/arte\/wp-content\/uploads\/2023\/03\/Grupo-Rozarte-en-Gabelich-con-Luis-Felipe-Noe.jpg\"><img loading=\"lazy\" decoding=\"async\" width=\"1024\" height=\"683\" data-attachment-id=\"863\" data-permalink=\"https:\/\/gustavogoni.com\/arte\/bio\/participaciones\/grupo-rozarte-en-gabelich-con-luis-felipe-noe\/\" data-orig-file=\"https:\/\/gustavogoni.com\/arte\/wp-content\/uploads\/2023\/03\/Grupo-Rozarte-en-Gabelich-con-Luis-Felipe-Noe.jpg\" data-orig-size=\"1080,720\" data-comments-opened=\"1\" data-image-meta=\"{&quot;aperture&quot;:&quot;0&quot;,&quot;credit&quot;:&quot;&quot;,&quot;camera&quot;:&quot;&quot;,&quot;caption&quot;:&quot;&quot;,&quot;created_timestamp&quot;:&quot;0&quot;,&quot;copyright&quot;:&quot;&quot;,&quot;focal_length&quot;:&quot;0&quot;,&quot;iso&quot;:&quot;0&quot;,&quot;shutter_speed&quot;:&quot;0&quot;,&quot;title&quot;:&quot;&quot;,&quot;orientation&quot;:&quot;0&quot;}\" data-image-title=\"Grupo-Rozarte-en-Gabelich-con-Luis-Felipe-Noe\" data-image-description=\"\" data-image-caption=\"\" data-large-file=\"https:\/\/gustavogoni.com\/arte\/wp-content\/uploads\/2023\/03\/Grupo-Rozarte-en-Gabelich-con-Luis-Felipe-Noe-1024x683.jpg\" data-id=\"863\" src=\"https:\/\/gustavogoni.com\/arte\/wp-content\/uploads\/2023\/03\/Grupo-Rozarte-en-Gabelich-con-Luis-Felipe-Noe-1024x683.jpg\" alt=\"\" class=\"wp-image-863\" srcset=\"https:\/\/gustavogoni.com\/arte\/wp-content\/uploads\/2023\/03\/Grupo-Rozarte-en-Gabelich-con-Luis-Felipe-Noe-1024x683.jpg 1024w, https:\/\/gustavogoni.com\/arte\/wp-content\/uploads\/2023\/03\/Grupo-Rozarte-en-Gabelich-con-Luis-Felipe-Noe-300x200.jpg 300w, https:\/\/gustavogoni.com\/arte\/wp-content\/uploads\/2023\/03\/Grupo-Rozarte-en-Gabelich-con-Luis-Felipe-Noe-768x512.jpg 768w, https:\/\/gustavogoni.com\/arte\/wp-content\/uploads\/2023\/03\/Grupo-Rozarte-en-Gabelich-con-Luis-Felipe-Noe-930x620.jpg 930w, https:\/\/gustavogoni.com\/arte\/wp-content\/uploads\/2023\/03\/Grupo-Rozarte-en-Gabelich-con-Luis-Felipe-Noe.jpg 1080w\" sizes=\"auto, (max-width: 1024px) 100vw, 1024px\" \/><\/a><\/figure>\n\n\n\n<figure class=\"wp-block-image size-large\"><a href=\"https:\/\/gustavogoni.com\/arte\/wp-content\/uploads\/2023\/03\/Grupo-Rozarte-en-MicroFeria-2019-ph-Agustin-Cervai.jpeg\"><img loading=\"lazy\" decoding=\"async\" width=\"640\" height=\"427\" data-attachment-id=\"864\" data-permalink=\"https:\/\/gustavogoni.com\/arte\/bio\/participaciones\/grupo-rozarte-en-microferia-2019-ph-agustin-cervai\/\" data-orig-file=\"https:\/\/gustavogoni.com\/arte\/wp-content\/uploads\/2023\/03\/Grupo-Rozarte-en-MicroFeria-2019-ph-Agustin-Cervai.jpeg\" data-orig-size=\"640,427\" data-comments-opened=\"1\" data-image-meta=\"{&quot;aperture&quot;:&quot;0&quot;,&quot;credit&quot;:&quot;&quot;,&quot;camera&quot;:&quot;Canon EOS 6D&quot;,&quot;caption&quot;:&quot;&quot;,&quot;created_timestamp&quot;:&quot;1552579023&quot;,&quot;copyright&quot;:&quot;&quot;,&quot;focal_length&quot;:&quot;0&quot;,&quot;iso&quot;:&quot;3200&quot;,&quot;shutter_speed&quot;:&quot;0.008&quot;,&quot;title&quot;:&quot;&quot;,&quot;orientation&quot;:&quot;1&quot;}\" data-image-title=\"Grupo-Rozarte-en-MicroFeria-2019-ph-Agustin-Cervai\" data-image-description=\"\" data-image-caption=\"\" data-large-file=\"https:\/\/gustavogoni.com\/arte\/wp-content\/uploads\/2023\/03\/Grupo-Rozarte-en-MicroFeria-2019-ph-Agustin-Cervai.jpeg\" data-id=\"864\" src=\"https:\/\/gustavogoni.com\/arte\/wp-content\/uploads\/2023\/03\/Grupo-Rozarte-en-MicroFeria-2019-ph-Agustin-Cervai.jpeg\" alt=\"\" class=\"wp-image-864\" srcset=\"https:\/\/gustavogoni.com\/arte\/wp-content\/uploads\/2023\/03\/Grupo-Rozarte-en-MicroFeria-2019-ph-Agustin-Cervai.jpeg 640w, https:\/\/gustavogoni.com\/arte\/wp-content\/uploads\/2023\/03\/Grupo-Rozarte-en-MicroFeria-2019-ph-Agustin-Cervai-300x200.jpeg 300w\" sizes=\"auto, (max-width: 640px) 100vw, 640px\" \/><\/a><\/figure>\n\n\n\n<figure class=\"wp-block-image size-large\"><a href=\"https:\/\/gustavogoni.com\/arte\/wp-content\/uploads\/2023\/03\/Grupo-Rozarte-Muestra-Asociacion-Libre-2018-09-08.jpg\"><img loading=\"lazy\" decoding=\"async\" width=\"640\" height=\"791\" data-attachment-id=\"862\" data-permalink=\"https:\/\/gustavogoni.com\/arte\/bio\/participaciones\/grupo-rozarte-muestra-asociacion-libre-2018-09-08\/\" data-orig-file=\"https:\/\/gustavogoni.com\/arte\/wp-content\/uploads\/2023\/03\/Grupo-Rozarte-Muestra-Asociacion-Libre-2018-09-08.jpg\" data-orig-size=\"640,791\" data-comments-opened=\"1\" data-image-meta=\"{&quot;aperture&quot;:&quot;0&quot;,&quot;credit&quot;:&quot;&quot;,&quot;camera&quot;:&quot;&quot;,&quot;caption&quot;:&quot;&quot;,&quot;created_timestamp&quot;:&quot;0&quot;,&quot;copyright&quot;:&quot;&quot;,&quot;focal_length&quot;:&quot;0&quot;,&quot;iso&quot;:&quot;0&quot;,&quot;shutter_speed&quot;:&quot;0&quot;,&quot;title&quot;:&quot;&quot;,&quot;orientation&quot;:&quot;0&quot;}\" data-image-title=\"Grupo-Rozarte-Muestra-Asociacion-Libre-2018-09-08\" data-image-description=\"\" data-image-caption=\"\" data-large-file=\"https:\/\/gustavogoni.com\/arte\/wp-content\/uploads\/2023\/03\/Grupo-Rozarte-Muestra-Asociacion-Libre-2018-09-08.jpg\" data-id=\"862\" src=\"https:\/\/gustavogoni.com\/arte\/wp-content\/uploads\/2023\/03\/Grupo-Rozarte-Muestra-Asociacion-Libre-2018-09-08.jpg\" alt=\"\" class=\"wp-image-862\" srcset=\"https:\/\/gustavogoni.com\/arte\/wp-content\/uploads\/2023\/03\/Grupo-Rozarte-Muestra-Asociacion-Libre-2018-09-08.jpg 640w, https:\/\/gustavogoni.com\/arte\/wp-content\/uploads\/2023\/03\/Grupo-Rozarte-Muestra-Asociacion-Libre-2018-09-08-243x300.jpg 243w\" sizes=\"auto, (max-width: 640px) 100vw, 640px\" \/><\/a><\/figure>\n<\/figure>\n\n\n\n<hr class=\"wp-block-separator has-alpha-channel-opacity\"\/>\n\n\n\n<p class=\"has-medium-font-size\"><strong>ENVESTIDA DE DISE\u00d1O<\/strong><\/p>\n\n\n\n<figure class=\"wp-block-gallery has-nested-images columns-default is-cropped wp-block-gallery-2 is-layout-flex wp-block-gallery-is-layout-flex\">\n<figure class=\"wp-block-image size-large\"><a href=\"https:\/\/gustavogoni.com\/arte\/wp-content\/uploads\/2023\/03\/Envestida-de-diseno-Con-Marina-Grysiuk-2017.jpg\"><img loading=\"lazy\" decoding=\"async\" width=\"560\" height=\"560\" data-attachment-id=\"865\" data-permalink=\"https:\/\/gustavogoni.com\/arte\/bio\/participaciones\/envestida-de-diseno-con-marina-grysiuk-2017\/\" data-orig-file=\"https:\/\/gustavogoni.com\/arte\/wp-content\/uploads\/2023\/03\/Envestida-de-diseno-Con-Marina-Grysiuk-2017.jpg\" data-orig-size=\"560,560\" data-comments-opened=\"1\" data-image-meta=\"{&quot;aperture&quot;:&quot;0&quot;,&quot;credit&quot;:&quot;&quot;,&quot;camera&quot;:&quot;&quot;,&quot;caption&quot;:&quot;&quot;,&quot;created_timestamp&quot;:&quot;0&quot;,&quot;copyright&quot;:&quot;&quot;,&quot;focal_length&quot;:&quot;0&quot;,&quot;iso&quot;:&quot;0&quot;,&quot;shutter_speed&quot;:&quot;0&quot;,&quot;title&quot;:&quot;&quot;,&quot;orientation&quot;:&quot;0&quot;}\" data-image-title=\"Envestida-de-diseno-Con-Marina-Grysiuk-2017\" data-image-description=\"\" data-image-caption=\"\" data-large-file=\"https:\/\/gustavogoni.com\/arte\/wp-content\/uploads\/2023\/03\/Envestida-de-diseno-Con-Marina-Grysiuk-2017.jpg\" data-id=\"865\" src=\"https:\/\/gustavogoni.com\/arte\/wp-content\/uploads\/2023\/03\/Envestida-de-diseno-Con-Marina-Grysiuk-2017.jpg\" alt=\"\" class=\"wp-image-865\" srcset=\"https:\/\/gustavogoni.com\/arte\/wp-content\/uploads\/2023\/03\/Envestida-de-diseno-Con-Marina-Grysiuk-2017.jpg 560w, https:\/\/gustavogoni.com\/arte\/wp-content\/uploads\/2023\/03\/Envestida-de-diseno-Con-Marina-Grysiuk-2017-300x300.jpg 300w, https:\/\/gustavogoni.com\/arte\/wp-content\/uploads\/2023\/03\/Envestida-de-diseno-Con-Marina-Grysiuk-2017-150x150.jpg 150w\" sizes=\"auto, (max-width: 560px) 100vw, 560px\" \/><\/a><\/figure>\n\n\n\n<figure class=\"wp-block-image size-large\"><a href=\"https:\/\/gustavogoni.com\/arte\/wp-content\/uploads\/2023\/03\/Envestida-de-diseno-Flyer-2018.jpg\"><img loading=\"lazy\" decoding=\"async\" width=\"679\" height=\"960\" data-attachment-id=\"866\" data-permalink=\"https:\/\/gustavogoni.com\/arte\/bio\/participaciones\/envestida-de-diseno-flyer-2018\/\" data-orig-file=\"https:\/\/gustavogoni.com\/arte\/wp-content\/uploads\/2023\/03\/Envestida-de-diseno-Flyer-2018.jpg\" data-orig-size=\"679,960\" data-comments-opened=\"1\" data-image-meta=\"{&quot;aperture&quot;:&quot;0&quot;,&quot;credit&quot;:&quot;&quot;,&quot;camera&quot;:&quot;&quot;,&quot;caption&quot;:&quot;&quot;,&quot;created_timestamp&quot;:&quot;0&quot;,&quot;copyright&quot;:&quot;&quot;,&quot;focal_length&quot;:&quot;0&quot;,&quot;iso&quot;:&quot;0&quot;,&quot;shutter_speed&quot;:&quot;0&quot;,&quot;title&quot;:&quot;&quot;,&quot;orientation&quot;:&quot;1&quot;}\" data-image-title=\"Envestida-de-diseno-Flyer-2018\" data-image-description=\"\" data-image-caption=\"\" data-large-file=\"https:\/\/gustavogoni.com\/arte\/wp-content\/uploads\/2023\/03\/Envestida-de-diseno-Flyer-2018.jpg\" data-id=\"866\" src=\"https:\/\/gustavogoni.com\/arte\/wp-content\/uploads\/2023\/03\/Envestida-de-diseno-Flyer-2018.jpg\" alt=\"\" class=\"wp-image-866\" srcset=\"https:\/\/gustavogoni.com\/arte\/wp-content\/uploads\/2023\/03\/Envestida-de-diseno-Flyer-2018.jpg 679w, https:\/\/gustavogoni.com\/arte\/wp-content\/uploads\/2023\/03\/Envestida-de-diseno-Flyer-2018-212x300.jpg 212w\" sizes=\"auto, (max-width: 679px) 100vw, 679px\" \/><\/a><\/figure>\n<\/figure>\n\n\n\n<hr class=\"wp-block-separator has-alpha-channel-opacity\"\/>\n\n\n\n<p class=\"has-medium-font-size\"><strong>BUENA JUNTA<\/strong><\/p>\n\n\n<div class=\"wp-block-image wp-duotone-rgba515151051-ccc-3\">\n<figure class=\"aligncenter size-large\"><a href=\"https:\/\/gustavogoni.com\/arte\/wp-content\/uploads\/2023\/03\/Grupo-Buena-Junta-Reencuentro-2017-ph-Martin-Signifredi.jpg\"><img loading=\"lazy\" decoding=\"async\" width=\"1024\" height=\"683\" data-attachment-id=\"867\" data-permalink=\"https:\/\/gustavogoni.com\/arte\/bio\/participaciones\/grupo-buena-junta-reencuentro-2017-ph-martin-signifredi\/\" data-orig-file=\"https:\/\/gustavogoni.com\/arte\/wp-content\/uploads\/2023\/03\/Grupo-Buena-Junta-Reencuentro-2017-ph-Martin-Signifredi.jpg\" data-orig-size=\"1280,854\" data-comments-opened=\"1\" data-image-meta=\"{&quot;aperture&quot;:&quot;0&quot;,&quot;credit&quot;:&quot;&quot;,&quot;camera&quot;:&quot;&quot;,&quot;caption&quot;:&quot;&quot;,&quot;created_timestamp&quot;:&quot;0&quot;,&quot;copyright&quot;:&quot;&quot;,&quot;focal_length&quot;:&quot;0&quot;,&quot;iso&quot;:&quot;0&quot;,&quot;shutter_speed&quot;:&quot;0&quot;,&quot;title&quot;:&quot;&quot;,&quot;orientation&quot;:&quot;0&quot;}\" data-image-title=\"Grupo-Buena-Junta-Reencuentro-2017-ph-Martin-Signifredi\" data-image-description=\"\" data-image-caption=\"\" data-large-file=\"https:\/\/gustavogoni.com\/arte\/wp-content\/uploads\/2023\/03\/Grupo-Buena-Junta-Reencuentro-2017-ph-Martin-Signifredi-1024x683.jpg\" src=\"https:\/\/gustavogoni.com\/arte\/wp-content\/uploads\/2023\/03\/Grupo-Buena-Junta-Reencuentro-2017-ph-Martin-Signifredi-1024x683.jpg\" alt=\"\" class=\"wp-image-867\" srcset=\"https:\/\/gustavogoni.com\/arte\/wp-content\/uploads\/2023\/03\/Grupo-Buena-Junta-Reencuentro-2017-ph-Martin-Signifredi-1024x683.jpg 1024w, https:\/\/gustavogoni.com\/arte\/wp-content\/uploads\/2023\/03\/Grupo-Buena-Junta-Reencuentro-2017-ph-Martin-Signifredi-300x200.jpg 300w, https:\/\/gustavogoni.com\/arte\/wp-content\/uploads\/2023\/03\/Grupo-Buena-Junta-Reencuentro-2017-ph-Martin-Signifredi-768x512.jpg 768w, https:\/\/gustavogoni.com\/arte\/wp-content\/uploads\/2023\/03\/Grupo-Buena-Junta-Reencuentro-2017-ph-Martin-Signifredi-930x620.jpg 930w, https:\/\/gustavogoni.com\/arte\/wp-content\/uploads\/2023\/03\/Grupo-Buena-Junta-Reencuentro-2017-ph-Martin-Signifredi.jpg 1280w\" sizes=\"auto, (max-width: 1024px) 100vw, 1024px\" \/><\/a><\/figure>\n<\/div>\n\n\n<hr class=\"wp-block-separator has-alpha-channel-opacity\"\/>\n\n\n\n<p>COLABORACI\u00d3N CON MARINA GRYCIUK Y ROLY LO GIUDICE<\/p>\n\n\n\n<figure class=\"wp-block-gallery has-nested-images columns-default is-cropped wp-block-gallery-4 is-layout-flex wp-block-gallery-is-layout-flex\">\n<figure class=\"wp-block-image size-large\"><a href=\"https:\/\/gustavogoni.com\/arte\/wp-content\/uploads\/2026\/01\/2025-12-Silo-Cordoba.jpg\"><img loading=\"lazy\" decoding=\"async\" width=\"1024\" height=\"1024\" data-attachment-id=\"1587\" data-permalink=\"https:\/\/gustavogoni.com\/arte\/bio\/participaciones\/2025-12-silo-cordoba\/\" data-orig-file=\"https:\/\/gustavogoni.com\/arte\/wp-content\/uploads\/2026\/01\/2025-12-Silo-Cordoba.jpg\" data-orig-size=\"1080,1080\" data-comments-opened=\"1\" data-image-meta=\"{&quot;aperture&quot;:&quot;0&quot;,&quot;credit&quot;:&quot;&quot;,&quot;camera&quot;:&quot;&quot;,&quot;caption&quot;:&quot;&quot;,&quot;created_timestamp&quot;:&quot;0&quot;,&quot;copyright&quot;:&quot;&quot;,&quot;focal_length&quot;:&quot;0&quot;,&quot;iso&quot;:&quot;0&quot;,&quot;shutter_speed&quot;:&quot;0&quot;,&quot;title&quot;:&quot;&quot;,&quot;orientation&quot;:&quot;1&quot;}\" data-image-title=\"2025-12-Silo-C\u00f3rdoba\" data-image-description=\"\" data-image-caption=\"\" data-large-file=\"https:\/\/gustavogoni.com\/arte\/wp-content\/uploads\/2026\/01\/2025-12-Silo-Cordoba-1024x1024.jpg\" data-id=\"1587\" src=\"https:\/\/gustavogoni.com\/arte\/wp-content\/uploads\/2026\/01\/2025-12-Silo-Cordoba-1024x1024.jpg\" alt=\"\" class=\"wp-image-1587\" srcset=\"https:\/\/gustavogoni.com\/arte\/wp-content\/uploads\/2026\/01\/2025-12-Silo-Cordoba-1024x1024.jpg 1024w, https:\/\/gustavogoni.com\/arte\/wp-content\/uploads\/2026\/01\/2025-12-Silo-Cordoba-300x300.jpg 300w, https:\/\/gustavogoni.com\/arte\/wp-content\/uploads\/2026\/01\/2025-12-Silo-Cordoba-150x150.jpg 150w, https:\/\/gustavogoni.com\/arte\/wp-content\/uploads\/2026\/01\/2025-12-Silo-Cordoba-768x768.jpg 768w, https:\/\/gustavogoni.com\/arte\/wp-content\/uploads\/2026\/01\/2025-12-Silo-Cordoba.jpg 1080w\" sizes=\"auto, (max-width: 1024px) 100vw, 1024px\" \/><\/a><\/figure>\n<\/figure>\n","protected":false},"excerpt":{"rendered":"<p>Miembro fundador del Grupo de Cine Independiente Champignon, Rosario, 1989. Miembro fundador del Grupo Rozarte. Participaci\u00f3n en sus actividades art\u00edsticas desde 1989 hasta 1991. 2018 a la actualidad. Miembro del Grupo de Producci\u00f3n y An\u00e1lisis de Obra dirigido por Gabriel Gonz\u00e1lez Su\u00e1rez, docente de dibujo, Escuela de Bellas Artes. UNR. 1991-1993. Miembro de Buena Junta,&hellip;&nbsp;<a href=\"https:\/\/gustavogoni.com\/arte\/bio\/participaciones\/\" rel=\"bookmark\">Leer m\u00e1s &raquo;<span class=\"screen-reader-text\">Participaci\u00f3n en equipos de trabajo<\/span><\/a><\/p>\n","protected":false},"author":2,"featured_media":0,"parent":139,"menu_order":5,"comment_status":"closed","ping_status":"closed","template":"","meta":{"neve_meta_sidebar":"","neve_meta_container":"","neve_meta_enable_content_width":"","neve_meta_content_width":0,"neve_meta_title_alignment":"","neve_meta_author_avatar":"","neve_post_elements_order":"","neve_meta_disable_header":"","neve_meta_disable_footer":"","neve_meta_disable_title":"","advanced_seo_description":"","jetpack_seo_html_title":"","jetpack_seo_noindex":false,"_themeisle_gutenberg_block_has_review":false,"footnotes":""},"class_list":["post-674","page","type-page","status-publish","hentry"],"jetpack_sharing_enabled":true,"jetpack_likes_enabled":true,"_links":{"self":[{"href":"https:\/\/gustavogoni.com\/arte\/wp-json\/wp\/v2\/pages\/674","targetHints":{"allow":["GET"]}}],"collection":[{"href":"https:\/\/gustavogoni.com\/arte\/wp-json\/wp\/v2\/pages"}],"about":[{"href":"https:\/\/gustavogoni.com\/arte\/wp-json\/wp\/v2\/types\/page"}],"author":[{"embeddable":true,"href":"https:\/\/gustavogoni.com\/arte\/wp-json\/wp\/v2\/users\/2"}],"replies":[{"embeddable":true,"href":"https:\/\/gustavogoni.com\/arte\/wp-json\/wp\/v2\/comments?post=674"}],"version-history":[{"count":6,"href":"https:\/\/gustavogoni.com\/arte\/wp-json\/wp\/v2\/pages\/674\/revisions"}],"predecessor-version":[{"id":1588,"href":"https:\/\/gustavogoni.com\/arte\/wp-json\/wp\/v2\/pages\/674\/revisions\/1588"}],"up":[{"embeddable":true,"href":"https:\/\/gustavogoni.com\/arte\/wp-json\/wp\/v2\/pages\/139"}],"wp:attachment":[{"href":"https:\/\/gustavogoni.com\/arte\/wp-json\/wp\/v2\/media?parent=674"}],"curies":[{"name":"wp","href":"https:\/\/api.w.org\/{rel}","templated":true}]}}