{"id":1375,"date":"2025-09-22T23:10:32","date_gmt":"2025-09-23T02:10:32","guid":{"rendered":"https:\/\/gustavogoni.com\/arte\/?page_id=1375"},"modified":"2025-09-29T18:16:08","modified_gmt":"2025-09-29T21:16:08","slug":"caja-3","status":"publish","type":"page","link":"https:\/\/gustavogoni.com\/arte\/obra\/ensamblado\/cajas-luminicas\/caja-3\/","title":{"rendered":"CAJA #3 &#8211; EL NI\u00d1O CON EL PERRO"},"content":{"rendered":"\n<p>Preadolescente, ya quer\u00eda verme bien en una foto.&nbsp;La camisa blanca con cuadros rosas fue heredada de un primo de Buenos Aires (se usaba pasar la ropa a medida que los familiares mayores iban creciendo).&nbsp;<\/p>\n\n\n\n<p>El cachorro era un perro de polic\u00eda, uno de los varios que hab\u00eda en la casa.&nbsp;<\/p>\n\n\n\n<p>El fot\u00f3grafo, mi hermano mayor, Hugo.<\/p>\n\n\n\n<p>La estatuilla: hab\u00eda un bazar (Lipovi), en donde se vend\u00edan adornos \u201cfinos\u201d (todo living que se preciaba de lujoso, deb\u00eda tener estatuillas de porcelana). Para m\u00ed era la excusa perfecta para poder agregar personajes a mis construcciones en escalas reducidas. Casi todas eran im\u00e1genes rococ\u00f3, que alud\u00edan al siglo XVIII. Lo interesante de esto era que hab\u00eda hombres y tambi\u00e9n im\u00e1genes femeninas, cosa que no suced\u00eda con los soldaditos, que solo remit\u00edan a luchadores y guerreros.&nbsp;<\/p>\n\n\n\n<p>El diorama muestra al ni\u00f1o de espalda que se refleja sobre el espejo. La fotograf\u00eda que inspir\u00f3 la escena fue excluida del interior.&nbsp;<\/p>\n\n\n\n<p>Se produce un juego de miradas&nbsp; que involucra al espectador.&nbsp;<\/p>\n\n\n\n<p>El ni\u00f1o abraza al perro, como hago en la foto con el m\u00edo.<\/p>\n\n\n\n<p><\/p>\n\n\n\n<figure class=\"wp-block-image size-large\"><a href=\"https:\/\/gustavogoni.com\/arte\/wp-content\/uploads\/2025\/09\/04-2021-Nino-con-su-perro-2-nuevo-baja-1.jpg\"><img loading=\"lazy\" decoding=\"async\" width=\"1024\" height=\"682\" data-attachment-id=\"1378\" data-permalink=\"https:\/\/gustavogoni.com\/arte\/obra\/ensamblado\/cajas-luminicas\/caja-3\/04-2021-nino-con-su-perro-2-nuevo-baja-2\/\" data-orig-file=\"https:\/\/gustavogoni.com\/arte\/wp-content\/uploads\/2025\/09\/04-2021-Nino-con-su-perro-2-nuevo-baja-1.jpg\" data-orig-size=\"1240,826\" data-comments-opened=\"1\" data-image-meta=\"{&quot;aperture&quot;:&quot;7.1&quot;,&quot;credit&quot;:&quot;&quot;,&quot;camera&quot;:&quot;Canon EOS 5D Mark IV&quot;,&quot;caption&quot;:&quot;&quot;,&quot;created_timestamp&quot;:&quot;1747183481&quot;,&quot;copyright&quot;:&quot;&quot;,&quot;focal_length&quot;:&quot;35&quot;,&quot;iso&quot;:&quot;160&quot;,&quot;shutter_speed&quot;:&quot;0.066666666666667&quot;,&quot;title&quot;:&quot;&quot;,&quot;orientation&quot;:&quot;1&quot;}\" data-image-title=\"04-2021-Nino-con-su-perro-2-nuevo-baja\" data-image-description=\"\" data-image-caption=\"\" data-large-file=\"https:\/\/gustavogoni.com\/arte\/wp-content\/uploads\/2025\/09\/04-2021-Nino-con-su-perro-2-nuevo-baja-1-1024x682.jpg\" src=\"https:\/\/gustavogoni.com\/arte\/wp-content\/uploads\/2025\/09\/04-2021-Nino-con-su-perro-2-nuevo-baja-1-1024x682.jpg\" alt=\"\" class=\"wp-image-1378\" srcset=\"https:\/\/gustavogoni.com\/arte\/wp-content\/uploads\/2025\/09\/04-2021-Nino-con-su-perro-2-nuevo-baja-1-1024x682.jpg 1024w, https:\/\/gustavogoni.com\/arte\/wp-content\/uploads\/2025\/09\/04-2021-Nino-con-su-perro-2-nuevo-baja-1-300x200.jpg 300w, https:\/\/gustavogoni.com\/arte\/wp-content\/uploads\/2025\/09\/04-2021-Nino-con-su-perro-2-nuevo-baja-1-768x512.jpg 768w, https:\/\/gustavogoni.com\/arte\/wp-content\/uploads\/2025\/09\/04-2021-Nino-con-su-perro-2-nuevo-baja-1-930x620.jpg 930w, https:\/\/gustavogoni.com\/arte\/wp-content\/uploads\/2025\/09\/04-2021-Nino-con-su-perro-2-nuevo-baja-1.jpg 1240w\" sizes=\"auto, (max-width: 1024px) 100vw, 1024px\" \/><\/a><\/figure>\n\n\n\n<p><\/p>\n\n\n\n<figure class=\"wp-block-embed is-type-video is-provider-youtube wp-block-embed-youtube wp-embed-aspect-16-9 wp-has-aspect-ratio\"><div class=\"wp-block-embed__wrapper\">\n<div class=\"nv-iframe-embed\"><iframe loading=\"lazy\" title=\"Dioramas \/ Caja # 3: El ni\u00f1o con el perro\" width=\"1200\" height=\"675\" src=\"https:\/\/www.youtube.com\/embed\/nlSwrPuCfJg?feature=oembed\" frameborder=\"0\" allow=\"accelerometer; autoplay; clipboard-write; encrypted-media; gyroscope; picture-in-picture; web-share\" referrerpolicy=\"strict-origin-when-cross-origin\" allowfullscreen><\/iframe><\/div>\n<\/div><\/figure>\n\n\n\n<p><strong>SERIE DIORAMA &#8211; CAJA #3 &#8211; EL NI\u00d1O Y EL PERRO<\/strong><\/p>\n\n\n\n<p>T\u00e9cnica: ensamblado de objeto de porcelana. Caja de madera con lente de aumento y espejo, iluminada.<\/p>\n\n\n\n<p id=\"block-d83464f0-3dab-428b-ac2b-89001a32c06c\">Fecha de realizaci\u00f3n: 2021<\/p>\n\n\n\n<p id=\"block-5588bbb6-91de-40fc-8683-0e9571bb48c7\">Medidas aprox.: 30 x 20 cm + 20 x 20 cm<\/p>\n\n\n\n<hr class=\"wp-block-separator has-alpha-channel-opacity\"\/>\n\n\n\n<p><strong><a href=\"https:\/\/gustavogoni.com\/arte\/obra\/ensamblado\/cajas-luminicas\/\" data-type=\"page\" data-id=\"638\">VOLVER A CAJAS LUM\u00cdNICAS (DIORAMAS)<\/a><\/strong><\/p>\n\n\n\n<p><strong><a href=\"https:\/\/gustavogoni.com\/arte\/muestras\/muestra-dioramas-relatos\/\" data-type=\"page\" data-id=\"1345\">IR A MUESTRA \u00abDIORAMAS \/ RELATOS, 2025\u00bb<\/a><\/strong><\/p>\n\n\n\n<p><\/p>\n","protected":false},"excerpt":{"rendered":"<p>Preadolescente, ya quer\u00eda verme bien en una foto.&nbsp;La camisa blanca con cuadros rosas fue heredada de un primo de Buenos Aires (se usaba pasar la ropa a medida que los familiares mayores iban creciendo).&nbsp; El cachorro era un perro de polic\u00eda, uno de los varios que hab\u00eda en la casa.&nbsp; El fot\u00f3grafo, mi hermano mayor,&hellip;&nbsp;<a href=\"https:\/\/gustavogoni.com\/arte\/obra\/ensamblado\/cajas-luminicas\/caja-3\/\" rel=\"bookmark\">Leer m\u00e1s &raquo;<span class=\"screen-reader-text\">CAJA #3 &#8211; EL NI\u00d1O CON EL PERRO<\/span><\/a><\/p>\n","protected":false},"author":2,"featured_media":0,"parent":638,"menu_order":0,"comment_status":"closed","ping_status":"closed","template":"","meta":{"neve_meta_sidebar":"","neve_meta_container":"","neve_meta_enable_content_width":"","neve_meta_content_width":0,"neve_meta_title_alignment":"","neve_meta_author_avatar":"","neve_post_elements_order":"","neve_meta_disable_header":"","neve_meta_disable_footer":"","neve_meta_disable_title":"","advanced_seo_description":"","jetpack_seo_html_title":"","jetpack_seo_noindex":false,"_themeisle_gutenberg_block_has_review":false,"footnotes":""},"class_list":["post-1375","page","type-page","status-publish","hentry"],"jetpack_sharing_enabled":true,"jetpack_likes_enabled":true,"_links":{"self":[{"href":"https:\/\/gustavogoni.com\/arte\/wp-json\/wp\/v2\/pages\/1375","targetHints":{"allow":["GET"]}}],"collection":[{"href":"https:\/\/gustavogoni.com\/arte\/wp-json\/wp\/v2\/pages"}],"about":[{"href":"https:\/\/gustavogoni.com\/arte\/wp-json\/wp\/v2\/types\/page"}],"author":[{"embeddable":true,"href":"https:\/\/gustavogoni.com\/arte\/wp-json\/wp\/v2\/users\/2"}],"replies":[{"embeddable":true,"href":"https:\/\/gustavogoni.com\/arte\/wp-json\/wp\/v2\/comments?post=1375"}],"version-history":[{"count":5,"href":"https:\/\/gustavogoni.com\/arte\/wp-json\/wp\/v2\/pages\/1375\/revisions"}],"predecessor-version":[{"id":1478,"href":"https:\/\/gustavogoni.com\/arte\/wp-json\/wp\/v2\/pages\/1375\/revisions\/1478"}],"up":[{"embeddable":true,"href":"https:\/\/gustavogoni.com\/arte\/wp-json\/wp\/v2\/pages\/638"}],"wp:attachment":[{"href":"https:\/\/gustavogoni.com\/arte\/wp-json\/wp\/v2\/media?parent=1375"}],"curies":[{"name":"wp","href":"https:\/\/api.w.org\/{rel}","templated":true}]}}