{"id":1345,"date":"2025-09-19T18:26:01","date_gmt":"2025-09-19T21:26:01","guid":{"rendered":"https:\/\/gustavogoni.com\/arte\/?page_id=1345"},"modified":"2026-02-25T00:43:43","modified_gmt":"2026-02-25T03:43:43","slug":"muestra-dioramas-relatos","status":"publish","type":"page","link":"https:\/\/gustavogoni.com\/arte\/muestras\/muestra-dioramas-relatos\/","title":{"rendered":"Muestra \u00abDioramas \/ relatos\u00bb"},"content":{"rendered":"\n<p><\/p>\n\n\n\n<p><\/p>\n\n\n\n<p><\/p>\n\n\n\n<div id=\"wp-block-themeisle-blocks-advanced-columns-82d674e2\" class=\"wp-block-themeisle-blocks-advanced-columns alignfull has-2-columns has-desktop-equal-layout has-tablet-equal-layout has-mobile-collapsedRows-layout has-vertical-unset has-dark-bg\"><div class=\"wp-block-themeisle-blocks-advanced-columns-overlay\"><\/div><div class=\"innerblocks-wrap\">\n<div id=\"wp-block-themeisle-blocks-advanced-column-cff47bde\" class=\"wp-block-themeisle-blocks-advanced-column\">\n<div id=\"wp-block-themeisle-blocks-button-group-788e0e71\" class=\"wp-block-themeisle-blocks-button-group wp-block-buttons\">\n<div id=\"wp-block-themeisle-blocks-button-aefcd9fd\" class=\"wp-block-themeisle-blocks-button wp-block-button\"><a href=\"https:\/\/goo.gl\/maps\/fjZKgPSCg8a3K2EH9\" target=\"_blank\" rel=\"noopener noreferrer\" class=\"wp-block-button__link\"><i class=\"fas fa-fw fa-map-marker-alt margin-right\"><\/i><span>Galer\u00eda Local 15, Pasaje Pan. <br>C\u00f3rdoba 957 &#8211; Rosario<\/span><\/a><\/div>\n<\/div>\n\n\n\n<div id=\"wp-block-themeisle-blocks-button-group-9df2ffb2\" class=\"wp-block-themeisle-blocks-button-group wp-block-buttons\">\n<div id=\"wp-block-themeisle-blocks-button-78587249\" class=\"wp-block-themeisle-blocks-button wp-block-button is-style-fill\"><a href=\"\" target=\"_self\" rel=\"noopener noreferrer\" class=\"wp-block-button__link\"><i class=\"far fa-fw fa-calendar-alt margin-right\"><\/i><span>Fecha: desde el viernes 26 de septiembre de 2025 hasta noviembre 2025<\/span><\/a><\/div>\n<\/div>\n\n\n\n<div id=\"wp-block-themeisle-blocks-button-group-a316cd0d\" class=\"wp-block-themeisle-blocks-button-group wp-block-buttons\">\n<div id=\"wp-block-themeisle-blocks-button-c88003e6\" class=\"wp-block-themeisle-blocks-button wp-block-button\"><a href=\"\" target=\"_self\" rel=\"noopener noreferrer\" class=\"wp-block-button__link\"><i class=\"fas fa-fw fa-ticket-alt margin-right\"><\/i><span>Entrada: libre y gratuita <\/span><\/a><\/div>\n<\/div>\n\n\n\n<div id=\"wp-block-themeisle-blocks-button-group-b5f9cb70\" class=\"wp-block-themeisle-blocks-button-group wp-block-buttons\">\n<div id=\"wp-block-themeisle-blocks-button-3c4e0c32\" class=\"wp-block-themeisle-blocks-button wp-block-button\"><a target=\"_self\" rel=\"noopener noreferrer\" class=\"wp-block-button__link\"><i class=\"far fa-fw fa-clock margin-right\"><\/i><span>Horario: martes a viernes de 16 a 19.<br>Otros horarios&nbsp;a&nbsp;convenir, por mensaje director en Instagram<\/span><\/a><\/div>\n<\/div>\n\n\n\n<div id=\"wp-block-themeisle-blocks-button-group-c4853f18\" class=\"wp-block-themeisle-blocks-button-group wp-block-buttons\">\n<div id=\"wp-block-themeisle-blocks-button-15a35e45\" class=\"wp-block-themeisle-blocks-button wp-block-button\"><a href=\"https:\/\/www.instagram.com\/p\/DOtGYnlDUK9\/\" target=\"_blank\" rel=\"noopener noreferrer\" class=\"wp-block-button__link\"><i class=\"fab fa-fw fa-instagram margin-right\"><\/i><span>Instagram de Local 15<\/span><\/a><\/div>\n<\/div>\n\n\n\n<div id=\"wp-block-themeisle-blocks-button-group-10fcbdfd\" class=\"wp-block-themeisle-blocks-button-group wp-block-buttons\">\n<div id=\"wp-block-themeisle-blocks-button-76416584\" class=\"wp-block-themeisle-blocks-button wp-block-button\"><a href=\"mailto:local15pasajepan@gmail.com\" target=\"_blank\" rel=\"noopener noreferrer\" class=\"wp-block-button__link\"><i class=\"far fa-fw fa-envelope margin-right\"><\/i><span>Contacto para adquirir obra: Galer\u00eda Local 15: local15pasajepan@gmail.com<\/span><\/a><\/div>\n<\/div>\n\n\n\n<div id=\"wp-block-themeisle-blocks-button-group-39af22cb\" class=\"wp-block-themeisle-blocks-button-group wp-block-buttons\">\n<div id=\"wp-block-themeisle-blocks-button-0d7597af\" class=\"wp-block-themeisle-blocks-button wp-block-button\"><a target=\"_self\" rel=\"noopener noreferrer\" class=\"wp-block-button__link\"><span><\/span><\/a><\/div>\n<\/div>\n<\/div>\n\n\n\n<div id=\"wp-block-themeisle-blocks-advanced-column-a1740b01\" class=\"wp-block-themeisle-blocks-advanced-column\">\n<h2 id=\"wp-block-themeisle-blocks-advanced-heading-b2ad9838\" class=\"wp-block-themeisle-blocks-advanced-heading wp-block-themeisle-blocks-advanced-heading-b2ad9838\">Muestra \u00abDioramas \/ relatos\u00bb <\/h2>\n\n\n\n<h4 id=\"wp-block-themeisle-blocks-advanced-heading-a778d0af\" class=\"wp-block-themeisle-blocks-advanced-heading wp-block-themeisle-blocks-advanced-heading-a778d0af\">GALER\u00cdA LOCAL 15<\/h4>\n\n\n\n<figure class=\"wp-block-image size-full\"><a href=\"https:\/\/gustavogoni.com\/arte\/wp-content\/uploads\/2025\/09\/Muestra-Dioramas-Flyer-inauguracion-2025-09-26.jpg\"><img loading=\"lazy\" decoding=\"async\" width=\"891\" height=\"1600\" data-attachment-id=\"1435\" data-permalink=\"https:\/\/gustavogoni.com\/arte\/muestras\/muestra-dioramas-relatos\/muestra-dioramas-flyer-inauguracion-2025-09-26\/\" data-orig-file=\"https:\/\/gustavogoni.com\/arte\/wp-content\/uploads\/2025\/09\/Muestra-Dioramas-Flyer-inauguracion-2025-09-26.jpg\" data-orig-size=\"891,1600\" data-comments-opened=\"1\" data-image-meta=\"{&quot;aperture&quot;:&quot;0&quot;,&quot;credit&quot;:&quot;&quot;,&quot;camera&quot;:&quot;&quot;,&quot;caption&quot;:&quot;&quot;,&quot;created_timestamp&quot;:&quot;0&quot;,&quot;copyright&quot;:&quot;&quot;,&quot;focal_length&quot;:&quot;0&quot;,&quot;iso&quot;:&quot;0&quot;,&quot;shutter_speed&quot;:&quot;0&quot;,&quot;title&quot;:&quot;&quot;,&quot;orientation&quot;:&quot;0&quot;}\" data-image-title=\"Muestra Dioramas &amp;#8211; Flyer inauguraci\u00f3n &amp;#8211; 2025-09-26\" data-image-description=\"\" data-image-caption=\"\" data-large-file=\"https:\/\/gustavogoni.com\/arte\/wp-content\/uploads\/2025\/09\/Muestra-Dioramas-Flyer-inauguracion-2025-09-26-570x1024.jpg\" src=\"https:\/\/gustavogoni.com\/arte\/wp-content\/uploads\/2025\/09\/Muestra-Dioramas-Flyer-inauguracion-2025-09-26.jpg\" alt=\"\" class=\"wp-image-1435\" srcset=\"https:\/\/gustavogoni.com\/arte\/wp-content\/uploads\/2025\/09\/Muestra-Dioramas-Flyer-inauguracion-2025-09-26.jpg 891w, https:\/\/gustavogoni.com\/arte\/wp-content\/uploads\/2025\/09\/Muestra-Dioramas-Flyer-inauguracion-2025-09-26-167x300.jpg 167w, https:\/\/gustavogoni.com\/arte\/wp-content\/uploads\/2025\/09\/Muestra-Dioramas-Flyer-inauguracion-2025-09-26-570x1024.jpg 570w, https:\/\/gustavogoni.com\/arte\/wp-content\/uploads\/2025\/09\/Muestra-Dioramas-Flyer-inauguracion-2025-09-26-768x1379.jpg 768w, https:\/\/gustavogoni.com\/arte\/wp-content\/uploads\/2025\/09\/Muestra-Dioramas-Flyer-inauguracion-2025-09-26-855x1536.jpg 855w\" sizes=\"auto, (max-width: 891px) 100vw, 891px\" \/><\/a><\/figure>\n\n\n\n<p>Desde el viernes 26 de septiembre y hasta noviembre estuvo expuesta la muestra \u00abDioramas \/ relatos\u00bb en la Galer\u00eda Local 15, Pasaje Pan. Fue la primera vez que se exhibi\u00f3 la serie de dioramas (cajas lum\u00ednicas) creadas entre 2021 y 2025.<\/p>\n\n\n\n<p>Texto de sala:<strong> Beatriz Vignoli<\/strong><br>Construcci\u00f3n de objetos: <strong>Luis Rodr\u00edguez<\/strong><br>Videos: <strong>Federico Barbar\u00e1\u2028<\/strong><br>Curadur\u00eda \/ Montaje: <strong>Roly Lo Giudice<\/strong><\/p>\n\n\n\n<p>Agradecimientos: <strong>Juan C. Alvarado, Franco Mu\u00f1oz,<\/strong> Guillermo Haddad , Coty Ram\u00edrez,&nbsp;Pato&nbsp;Spesot, Ver\u00f3nica Rositto Gritti.<\/p>\n\n\n\n<p>\u00ab\u2026Las obras de Gustavo Go\u00f1i convierten al espectador en vidente furtivo de mundos ideales, atemporales, donde todo es perfecto como en un sue\u00f1o infantil. Estos DIORAMAS recuerdan la mirada detenida en el instante de la toma, captando el mundo a trav\u00e9s del visor de una c\u00e1mara fotogr\u00e1fica. Ante tales relatos visuales, deponemos la incredulidad, nos entregamos al asombro del juego \u00f3ptico, y recobramos la fantas\u00eda y la ternura&#8230;\u00bb.<\/p>\n\n\n\n<figure class=\"wp-block-gallery has-nested-images columns-default is-cropped wp-block-gallery-1 is-layout-flex wp-block-gallery-is-layout-flex\"><\/figure>\n<\/div>\n<\/div><\/div>\n\n\n\n<figure class=\"wp-block-embed is-type-video is-provider-youtube wp-block-embed-youtube wp-embed-aspect-16-9 wp-has-aspect-ratio\"><div class=\"wp-block-embed__wrapper\">\n<div class=\"nv-iframe-embed\"><iframe loading=\"lazy\" title=\"Dioramas \/ Relatos - Muestra de Gustavo Go\u00f1i 2025\" width=\"1200\" height=\"675\" src=\"https:\/\/www.youtube.com\/embed\/G5QjbF8tbAE?feature=oembed\" frameborder=\"0\" allow=\"accelerometer; autoplay; clipboard-write; encrypted-media; gyroscope; picture-in-picture; web-share\" referrerpolicy=\"strict-origin-when-cross-origin\" allowfullscreen><\/iframe><\/div>\n<\/div><\/figure>\n\n\n\n<figure class=\"wp-block-gallery has-nested-images columns-default is-cropped wp-block-gallery-2 is-layout-flex wp-block-gallery-is-layout-flex\">\n<figure class=\"wp-block-image size-large\"><a href=\"https:\/\/gustavogoni.com\/arte\/wp-content\/uploads\/2025\/09\/Muestra-Dioramas-fotos-de-sala-7.jpg\"><img loading=\"lazy\" decoding=\"async\" width=\"1024\" height=\"682\" data-attachment-id=\"1467\" data-permalink=\"https:\/\/gustavogoni.com\/arte\/muestras\/muestra-dioramas-relatos\/muestra-dioramas-fotos-de-sala-7\/\" data-orig-file=\"https:\/\/gustavogoni.com\/arte\/wp-content\/uploads\/2025\/09\/Muestra-Dioramas-fotos-de-sala-7.jpg\" data-orig-size=\"1240,826\" data-comments-opened=\"1\" data-image-meta=\"{&quot;aperture&quot;:&quot;0&quot;,&quot;credit&quot;:&quot;&quot;,&quot;camera&quot;:&quot;&quot;,&quot;caption&quot;:&quot;&quot;,&quot;created_timestamp&quot;:&quot;0&quot;,&quot;copyright&quot;:&quot;&quot;,&quot;focal_length&quot;:&quot;0&quot;,&quot;iso&quot;:&quot;0&quot;,&quot;shutter_speed&quot;:&quot;0&quot;,&quot;title&quot;:&quot;&quot;,&quot;orientation&quot;:&quot;0&quot;}\" data-image-title=\"Muestra Dioramas &amp;#8211; fotos de sala 7\" data-image-description=\"\" data-image-caption=\"\" data-large-file=\"https:\/\/gustavogoni.com\/arte\/wp-content\/uploads\/2025\/09\/Muestra-Dioramas-fotos-de-sala-7-1024x682.jpg\" data-id=\"1467\" src=\"https:\/\/gustavogoni.com\/arte\/wp-content\/uploads\/2025\/09\/Muestra-Dioramas-fotos-de-sala-7-1024x682.jpg\" alt=\"\" class=\"wp-image-1467\" srcset=\"https:\/\/gustavogoni.com\/arte\/wp-content\/uploads\/2025\/09\/Muestra-Dioramas-fotos-de-sala-7-1024x682.jpg 1024w, https:\/\/gustavogoni.com\/arte\/wp-content\/uploads\/2025\/09\/Muestra-Dioramas-fotos-de-sala-7-300x200.jpg 300w, https:\/\/gustavogoni.com\/arte\/wp-content\/uploads\/2025\/09\/Muestra-Dioramas-fotos-de-sala-7-768x512.jpg 768w, https:\/\/gustavogoni.com\/arte\/wp-content\/uploads\/2025\/09\/Muestra-Dioramas-fotos-de-sala-7-930x620.jpg 930w, https:\/\/gustavogoni.com\/arte\/wp-content\/uploads\/2025\/09\/Muestra-Dioramas-fotos-de-sala-7.jpg 1240w\" sizes=\"auto, (max-width: 1024px) 100vw, 1024px\" \/><\/a><\/figure>\n\n\n\n<figure class=\"wp-block-image size-large\"><a href=\"https:\/\/gustavogoni.com\/arte\/wp-content\/uploads\/2025\/09\/Muestra-Dioramas-fotos-de-sala-3.jpg\"><img loading=\"lazy\" decoding=\"async\" width=\"1024\" height=\"682\" data-attachment-id=\"1465\" data-permalink=\"https:\/\/gustavogoni.com\/arte\/muestras\/muestra-dioramas-relatos\/muestra-dioramas-fotos-de-sala-3\/\" data-orig-file=\"https:\/\/gustavogoni.com\/arte\/wp-content\/uploads\/2025\/09\/Muestra-Dioramas-fotos-de-sala-3.jpg\" data-orig-size=\"1240,826\" data-comments-opened=\"1\" data-image-meta=\"{&quot;aperture&quot;:&quot;0&quot;,&quot;credit&quot;:&quot;&quot;,&quot;camera&quot;:&quot;&quot;,&quot;caption&quot;:&quot;&quot;,&quot;created_timestamp&quot;:&quot;0&quot;,&quot;copyright&quot;:&quot;&quot;,&quot;focal_length&quot;:&quot;0&quot;,&quot;iso&quot;:&quot;0&quot;,&quot;shutter_speed&quot;:&quot;0&quot;,&quot;title&quot;:&quot;&quot;,&quot;orientation&quot;:&quot;0&quot;}\" data-image-title=\"Muestra Dioramas &amp;#8211; fotos de sala 3\" data-image-description=\"\" data-image-caption=\"\" data-large-file=\"https:\/\/gustavogoni.com\/arte\/wp-content\/uploads\/2025\/09\/Muestra-Dioramas-fotos-de-sala-3-1024x682.jpg\" data-id=\"1465\" src=\"https:\/\/gustavogoni.com\/arte\/wp-content\/uploads\/2025\/09\/Muestra-Dioramas-fotos-de-sala-3-1024x682.jpg\" alt=\"\" class=\"wp-image-1465\" srcset=\"https:\/\/gustavogoni.com\/arte\/wp-content\/uploads\/2025\/09\/Muestra-Dioramas-fotos-de-sala-3-1024x682.jpg 1024w, https:\/\/gustavogoni.com\/arte\/wp-content\/uploads\/2025\/09\/Muestra-Dioramas-fotos-de-sala-3-300x200.jpg 300w, https:\/\/gustavogoni.com\/arte\/wp-content\/uploads\/2025\/09\/Muestra-Dioramas-fotos-de-sala-3-768x512.jpg 768w, https:\/\/gustavogoni.com\/arte\/wp-content\/uploads\/2025\/09\/Muestra-Dioramas-fotos-de-sala-3-930x620.jpg 930w, https:\/\/gustavogoni.com\/arte\/wp-content\/uploads\/2025\/09\/Muestra-Dioramas-fotos-de-sala-3.jpg 1240w\" sizes=\"auto, (max-width: 1024px) 100vw, 1024px\" \/><\/a><\/figure>\n<\/figure>\n\n\n\n<figure class=\"wp-block-gallery has-nested-images columns-default is-cropped wp-block-gallery-3 is-layout-flex wp-block-gallery-is-layout-flex\">\n<figure class=\"wp-block-image size-large\"><a href=\"https:\/\/gustavogoni.com\/arte\/wp-content\/uploads\/2025\/09\/IMG-20250928-WA0035.jpg\"><img loading=\"lazy\" decoding=\"async\" width=\"1024\" height=\"682\" data-attachment-id=\"1472\" data-permalink=\"https:\/\/gustavogoni.com\/arte\/muestras\/muestra-dioramas-relatos\/img-20250928-wa0035\/\" data-orig-file=\"https:\/\/gustavogoni.com\/arte\/wp-content\/uploads\/2025\/09\/IMG-20250928-WA0035.jpg\" data-orig-size=\"1600,1066\" data-comments-opened=\"1\" data-image-meta=\"{&quot;aperture&quot;:&quot;0&quot;,&quot;credit&quot;:&quot;&quot;,&quot;camera&quot;:&quot;&quot;,&quot;caption&quot;:&quot;&quot;,&quot;created_timestamp&quot;:&quot;0&quot;,&quot;copyright&quot;:&quot;&quot;,&quot;focal_length&quot;:&quot;0&quot;,&quot;iso&quot;:&quot;0&quot;,&quot;shutter_speed&quot;:&quot;0&quot;,&quot;title&quot;:&quot;&quot;,&quot;orientation&quot;:&quot;0&quot;}\" data-image-title=\"IMG-20250928-WA0035\" data-image-description=\"\" data-image-caption=\"\" data-large-file=\"https:\/\/gustavogoni.com\/arte\/wp-content\/uploads\/2025\/09\/IMG-20250928-WA0035-1024x682.jpg\" data-id=\"1472\" src=\"https:\/\/gustavogoni.com\/arte\/wp-content\/uploads\/2025\/09\/IMG-20250928-WA0035-1024x682.jpg\" alt=\"\" class=\"wp-image-1472\" srcset=\"https:\/\/gustavogoni.com\/arte\/wp-content\/uploads\/2025\/09\/IMG-20250928-WA0035-1024x682.jpg 1024w, https:\/\/gustavogoni.com\/arte\/wp-content\/uploads\/2025\/09\/IMG-20250928-WA0035-300x200.jpg 300w, https:\/\/gustavogoni.com\/arte\/wp-content\/uploads\/2025\/09\/IMG-20250928-WA0035-768x512.jpg 768w, https:\/\/gustavogoni.com\/arte\/wp-content\/uploads\/2025\/09\/IMG-20250928-WA0035-1536x1023.jpg 1536w, https:\/\/gustavogoni.com\/arte\/wp-content\/uploads\/2025\/09\/IMG-20250928-WA0035-930x620.jpg 930w, https:\/\/gustavogoni.com\/arte\/wp-content\/uploads\/2025\/09\/IMG-20250928-WA0035.jpg 1600w\" sizes=\"auto, (max-width: 1024px) 100vw, 1024px\" \/><\/a><\/figure>\n<\/figure>\n\n\n\n<figure class=\"wp-block-embed is-type-video is-provider-youtube wp-block-embed-youtube wp-embed-aspect-16-9 wp-has-aspect-ratio\"><div class=\"wp-block-embed__wrapper\">\n<div class=\"nv-iframe-embed\"><iframe loading=\"lazy\" title=\"Muestra &quot;Dioramas&quot; en Galer\u00eda Local 15 - Pasaje Pan - 2025\" width=\"1200\" height=\"675\" src=\"https:\/\/www.youtube.com\/embed\/R70ldaGiXHI?feature=oembed\" frameborder=\"0\" allow=\"accelerometer; autoplay; clipboard-write; encrypted-media; gyroscope; picture-in-picture; web-share\" referrerpolicy=\"strict-origin-when-cross-origin\" allowfullscreen><\/iframe><\/div>\n<\/div><\/figure>\n\n\n\n<p>Video por Federico Barbar\u00e1 de Lluvia Films <\/p>\n","protected":false},"excerpt":{"rendered":"<p>Video por Federico Barbar\u00e1 de Lluvia Films<\/p>\n","protected":false},"author":2,"featured_media":0,"parent":241,"menu_order":0,"comment_status":"closed","ping_status":"closed","template":"","meta":{"neve_meta_sidebar":"","neve_meta_container":"","neve_meta_enable_content_width":"","neve_meta_content_width":0,"neve_meta_title_alignment":"","neve_meta_author_avatar":"","neve_post_elements_order":"","neve_meta_disable_header":"","neve_meta_disable_footer":"","neve_meta_disable_title":"","advanced_seo_description":"","jetpack_seo_html_title":"","jetpack_seo_noindex":false,"_themeisle_gutenberg_block_has_review":false,"footnotes":""},"class_list":["post-1345","page","type-page","status-publish","hentry"],"jetpack_sharing_enabled":true,"jetpack_likes_enabled":true,"_links":{"self":[{"href":"https:\/\/gustavogoni.com\/arte\/wp-json\/wp\/v2\/pages\/1345","targetHints":{"allow":["GET"]}}],"collection":[{"href":"https:\/\/gustavogoni.com\/arte\/wp-json\/wp\/v2\/pages"}],"about":[{"href":"https:\/\/gustavogoni.com\/arte\/wp-json\/wp\/v2\/types\/page"}],"author":[{"embeddable":true,"href":"https:\/\/gustavogoni.com\/arte\/wp-json\/wp\/v2\/users\/2"}],"replies":[{"embeddable":true,"href":"https:\/\/gustavogoni.com\/arte\/wp-json\/wp\/v2\/comments?post=1345"}],"version-history":[{"count":17,"href":"https:\/\/gustavogoni.com\/arte\/wp-json\/wp\/v2\/pages\/1345\/revisions"}],"predecessor-version":[{"id":1637,"href":"https:\/\/gustavogoni.com\/arte\/wp-json\/wp\/v2\/pages\/1345\/revisions\/1637"}],"up":[{"embeddable":true,"href":"https:\/\/gustavogoni.com\/arte\/wp-json\/wp\/v2\/pages\/241"}],"wp:attachment":[{"href":"https:\/\/gustavogoni.com\/arte\/wp-json\/wp\/v2\/media?parent=1345"}],"curies":[{"name":"wp","href":"https:\/\/api.w.org\/{rel}","templated":true}]}}